 t be ((-198)/45)/((x - 3)/50). What is the highest common divisor of p and t?
22
Let j = 655 - 562. Calculate the highest common factor of 4 and j.
1
Suppose -332*b + 21 = -339*b. Let x(k) = 40*k**2 + 6*k - 6. Let s be x(b). Calculate the greatest common divisor of s and 48.
48
Let x(h) = 13*h**2 + 5*h + 2. Let b be x(5). Let p(d) = 3*d**2 - 203*d + 1465. Let n be p(8). Calculate the greatest common divisor of n and b.
11
Let s = 4420 - 4160. What is the greatest common factor of s and 325?
65
Suppose -3*c + 3*a + 1605 = 0, -7*c - a + 1061 = -5*c. Suppose 16*n - c = 2*n. Calculate the greatest common divisor of 76 and n.
38
Suppose -487 = 4*s + 5*r, -12*r = -17*r + 25. Let w be 0 - (s + 1) - (-22)/(-22). What is the highest common factor of 56 and w?
14
Let k = -117 + 124. Suppose -o = 3, k*o + 581 = 5*n + 5*o. Calculate the highest common divisor of n and 5.
5
Let x = 2287 - 1262. What is the highest common divisor of 25 and x?
25
Let u be 62 - (-1)/1*-1. Let f = 101 - u. Suppose 336*y + 259*y - 17430 - 30170 = 0. Calculate the greatest common divisor of f and y.
40
Let c = -8237 - -8295. Calculate the greatest common factor of 5162 and c.
58
Let r be (0 + 5)*(-12 + 13). Suppose 5*k = s + k - 168, r*s = -3*k + 909. Calculate the greatest common divisor of 12 and s.
12
Let g(a) = -a**3 + 7*a**2 - 3*a + 15. Let s = 53 + -46. Let n be g(s). Let y = 90 + n. Calculate the greatest common divisor of y and 12.
12
Suppose 115 + 14743 = 3*t - 4*z, 0 = 5*t + 3*z - 24802. Calculate the highest common factor of 74 and t.
74
Let x = -8 + 11. Suppose 2*b - 4 = 0, -4*b - 33 = -s + x. Suppose -198 = 463*w - 472*w. Calculate the highest common factor of w and s.
22
Suppose 0 = -y + 3*q - 11, 3*y - 5*q + 16 = 3. Suppose -9*n = -4*n + 705. Let u = n + 147. What is the greatest common divisor of u and y?
2
Let f = 2 + -2. Suppose f + 10 = 2*l. Suppose -l*v - 144 + 664 = 0. Calculate the highest common divisor of 13 and v.
13
Suppose 16865 = 5*d - 5*z, -17*d + 13*d = 4*z - 13436. What is the highest common factor of 44 and d?
22
Let b = -3496 - -3528. Calculate the highest common factor of 1904 and b.
16
Let u = 73 + -22. Let p be (6 + -14)/((-3)/9). Let r(c) = -c**3 + 24*c**2 + 2*c - 31. Let i be r(p). Calculate the highest common divisor of u and i.
17
Let y(b) = 2*b - 3. Let x = 42 - 45. Let s be x*(-4)/(-18) - (-20)/3. Let q be y(s). What is the greatest common factor of 117 and q?
9
Suppose -3*y = -c - y, 10 = 2*y. Calculate the greatest common divisor of 4330 and c.
10
Suppose -8*j - 29 + 2513 = 4*j. Calculate the highest common divisor of 3 and j.
3
Suppose 51201 + 31232 = 310*k - 4057. What is the greatest common factor of k and 27?
9
Let m be (10 - 2)/2 + (-2492)/(-5 + 4). What is the greatest common factor of 2028 and m?
156
Let z(b) = -79*b + 4. Suppose 4*x + x - 25 = 0. Suppose -6*q + 3*q - 10 = 2*a, -16 = x*a + 3*q. Let f be z(a). Calculate the highest common factor of 18 and f.
18
Suppose 98 = -9*u + 296. Suppose -u*t + 71 + 545 = 0. Calculate the greatest common divisor of 42 and t.
14
Let t = 255 - -67. Let j be -1 + (t - 1) - (2 + -5). What is the highest common divisor of 17 and j?
17
Suppose 2*o = -2*w + 50, 20*o = 22*o - 3*w - 80. Calculate the greatest common factor of o and 589.
31
Suppose -37*k = -34*k - 4*l - 32853, -l - 21892 = -2*k. Calculate the highest common divisor of k and 31.
31
Suppose 0 = 160*k - 28963 + 11683. What is the greatest common factor of 1242 and k?
54
Let r be 104/3 - (-1)/3. Let f be ((-2)/(-7)*(8 - 1))/(12/(-18)). Let a = r + f. What is the highest common divisor of a and 48?
16
Suppose 2*y - z = -2*y + 18, y = -5*z + 15. Let m be ((-7)/y - -1)/((-60)/2100). Calculate the highest common divisor of m and 133.
7
Suppose 62609 = -40*i + 279969. What is the highest common factor of i and 44?
22
Suppose 3*b - 19*m = -20*m + 58, -2*m = -5*b + 82. Calculate the highest common divisor of 2718 and b.
18
Let a = 157 + -151. Let j be (8/a)/(5 + 1195/(-240)). Calculate the highest common divisor of j and 8.
8
Let a be (-2)/(-1*8/332) - -4. Let l = a - -47. What is the greatest common factor of 67 and l?
67
Let h be 3/7 - 9*(-1)/(-21). Suppose 2*q - 8 = 0, -4*r + 2*q + 3*q + 3880 = h. Calculate the highest common factor of r and 75.
75
Suppose q - 45 = -5*x + 72, -q - 51 = -2*x. Let a be 22/3*(95 + -83). Calculate the greatest common factor of a and x.
8
Let d = 149 + -149. Suppose 20 = 4*n - 4*z - d*z, z - 35 = -4*n. What is the greatest common factor of n and 248?
8
Suppose 18 = 3*r, -31103*r + 31104*r + 82 = 2*d. Let j = 322 - 217. Let o = -17 + j. What is the greatest common factor of d and o?
44
Let i(r) = r + 9. Let n be i(-6). Suppose 917 = 3*s - k, -6*k = -n*s - k + 925. Suppose 0 = -4*g - 117 + s. Calculate the greatest common divisor of g and 94.
47
Suppose -55*x = k - 51*x - 140, 2*x = k - 146. Calculate the greatest common divisor of 45 and k.
9
Let f = -290 - -347. Let t = -5 - -5. Suppose t*r - 4*r = -152. Calculate the greatest common divisor of f and r.
19
Let b be ((-87)/203*(-14)/(-12))/((-2)/848). What is the greatest common factor of 2067 and b?
53
Suppose 23*z + 21*z - 11560 = -245*z. Let r = -125 + 181. Calculate the greatest common divisor of r and z.
8
Suppose 4*w = -w + 260. Suppose -3*c = -2*o + 187, 5*o - 279 = 2*o + 5*c. Suppose o*u - 1690 = 85*u. What is the greatest common divisor of w and u?
26
Let c(k) = -1303*k + 2663. Let n be c(2). Let j be 40/(-2)*(-684)/30. What is the highest common divisor of j and n?
57
Let g = -2706 - -2732. What is the highest common factor of 9932 and g?
26
Let l(t) = -t + 7. Let f be l(4). Suppose f*k = 0, o - 8 = -0*o + 4*k. Suppose 6*g - o = -2. Calculate the greatest common factor of 1 and g.
1
Suppose 0 = 2*r - 2*m - 7 - 1, -5*m + 4 = r. Suppose 2*i = -6, -r*i = -4*o - 3*i + 307. Calculate the highest common divisor of 19 and o.
19
Suppose 106*u - 202*u + 18048 = 0. Suppose -h - 59 = -t + 3*h, -3*t = -4*h - 153. Calculate the greatest common divisor of u and t.
47
Suppose -6 = 2*c + 4*a, 5*c - 7*a = -2*a + 30. Suppose 0*w - 3 = -c*w. Let k be w/1 + -1 + 16. Calculate the greatest common factor of k and 40.
8
Let j(d) = -236*d**2 - d - 2. Let m be j(-2). Let f be m/(-3) + (-4 - 13/(-3)). Calculate the greatest common divisor of 189 and f.
63
Let f = 360 + -385. Let s = f - -460. What is the highest common factor of 15 and s?
15
Suppose -x = 33*s - 30*s - 591, -3*s - 3 = 0. Calculate the highest common factor of x and 6600.
66
Suppose 8*m = -0*m + 210 - 194. Calculate the greatest common factor of m and 208.
2
Suppose 5*c + 74 = 2*x, 12*x - 3*c - 410 = -74. What is the highest common divisor of x and 4023?
27
Suppose -19*m = -38096 - 30114. What is the highest common divisor of 5 and m?
5
Let v = -32 - -36. Suppose 6*i + 3 - 21 = 0. Suppose 5*b - 95 = -3*p - p, i*p - 63 = -b. Calculate the greatest common factor of p and v.
4
Let s(t) = -16*t + 7. Let i be s(-13). Suppose -4*b = 5*z - 2*b - 310, i = 4*z - 5*b. What is the greatest common divisor of 84 and z?
12
Let y(m) be the third derivative of -19*m**4/8 + 28*m**3/3 + 5*m**2. Let i be y(-9). Suppose 7*k - 68 = i. What is the highest common divisor of k and 26?
13
Suppose -o + 3*m = -3*o + 2002, 0 = 5*o - 2*m - 4948. Calculate the greatest common factor of o and 352.
32
Let y(i) be the first derivative of -17*i**2/2 - i + 6. Let v be y(-5). What is the highest common factor of v and 126?
42
Suppose 49222 = -8*x + 53766. What is the highest common factor of 355 and x?
71
Suppose 34*z - 33*z = 2*w + 4655, -5*w + 18698 = 4*z. Calculate the greatest common divisor of 26 and z.
13
Let x be 1 + 32/(-36) - (-31156)/18. Suppose 4*s - x = 16*r - 19*r, 4*s - 1732 = -4*r. Calculate the highest common divisor of 27 and s.
27
Suppose 0 = -5*g - 5, -2*b + 13 = 2*g - g. Let w = 225 + b. What is the greatest common divisor of w and 58?
58
Let d be 311872/297 - 14/189. Calculate the greatest common divisor of d and 168.
42
Let x be (-2)/(-34)*1277 - (3014/187 - 16). What is the greatest common divisor of 795 and x?
15
Let d = 109 - 70. Let n be ((-2)/6)/(-6 - (-3736)/624). Calculate the highest common factor of d and n.
13
Let s(v) = v**2 - 5*v + 7. Let n be s(5). Let g = 184 + -182. Suppose g*y = -y + 21. Calculate the highe